{"id":5577,"date":"2023-11-16T11:03:26","date_gmt":"2023-11-16T11:03:26","guid":{"rendered":"https:\/\/www.zeichnungsverlag.ch\/product\/trauerbild-in-leinwand-30x40-cm\/"},"modified":"2023-11-16T11:03:26","modified_gmt":"2023-11-16T11:03:26","slug":"trauerbild-in-leinwand-30x40-cm","status":"publish","type":"product","link":"https:\/\/www.zeichnungsverlag.ch\/fr\/produit\/trauerbild-in-leinwand-30x40-cm\/","title":{"rendered":"Trauerbild in Leinwand 30&#215;40 cm"},"content":{"rendered":"<p>f\u00fcr die Abdankungsfeier, Aufbahrung oder als Erinnerungsst\u00fcck f\u00fcr die Trauerfamilie<\/p>\n","protected":false},"excerpt":{"rendered":"<p>f\u00fcr die Abdankungsfeier, Aufbahrung oder als Erinnerungsst\u00fcck f\u00fcr die Trauerfamilie<\/p>\n","protected":false},"featured_media":5535,"comment_status":"open","ping_status":"closed","template":"","meta":[],"product_brand":[],"product_cat":[108,107,95],"product_tag":[73],"class_list":{"0":"post-5577","1":"product","2":"type-product","3":"status-publish","4":"has-post-thumbnail","6":"product_cat-erinnerungsbild-leinwandbilder-2","7":"product_cat-leinwandbilder-2","8":"product_cat-zeichnungsverlag-2","9":"product_tag-erinnerungsbild","11":"first","12":"instock","13":"shipping-taxable","14":"purchasable","15":"product-type-simple"},"_links":{"self":[{"href":"https:\/\/www.zeichnungsverlag.ch\/fr\/wp-json\/wp\/v2\/product\/5577","targetHints":{"allow":["GET"]}}],"collection":[{"href":"https:\/\/www.zeichnungsverlag.ch\/fr\/wp-json\/wp\/v2\/product"}],"about":[{"href":"https:\/\/www.zeichnungsverlag.ch\/fr\/wp-json\/wp\/v2\/types\/product"}],"replies":[{"embeddable":true,"href":"https:\/\/www.zeichnungsverlag.ch\/fr\/wp-json\/wp\/v2\/comments?post=5577"}],"wp:featuredmedia":[{"embeddable":true,"href":"https:\/\/www.zeichnungsverlag.ch\/fr\/wp-json\/wp\/v2\/media\/5535"}],"wp:attachment":[{"href":"https:\/\/www.zeichnungsverlag.ch\/fr\/wp-json\/wp\/v2\/media?parent=5577"}],"wp:term":[{"taxonomy":"product_brand","embeddable":true,"href":"https:\/\/www.zeichnungsverlag.ch\/fr\/wp-json\/wp\/v2\/product_brand?post=5577"},{"taxonomy":"product_cat","embeddable":true,"href":"https:\/\/www.zeichnungsverlag.ch\/fr\/wp-json\/wp\/v2\/product_cat?post=5577"},{"taxonomy":"product_tag","embeddable":true,"href":"https:\/\/www.zeichnungsverlag.ch\/fr\/wp-json\/wp\/v2\/product_tag?post=5577"}],"curies":[{"name":"wp","href":"https:\/\/api.w.org\/{rel}","templated":true}]}}

<p>für die Abdankungsfeier, Aufbahrung oder als Erinnerungsstück für die Trauerfamilie</p>
