{"id":4206,"date":"2020-04-15T08:27:55","date_gmt":"2020-04-15T08:27:55","guid":{"rendered":"https:\/\/www.zeichnungsverlag.ch\/contact\/"},"modified":"2020-04-15T08:27:55","modified_gmt":"2020-04-15T08:27:55","slug":"contact","status":"publish","type":"page","link":"https:\/\/www.zeichnungsverlag.ch\/fr\/contact\/","title":{"rendered":"Contact"},"content":{"rendered":"<section class=\"l-section wpb_row height_medium\"><div class=\"l-section-h i-cf\"><div class=\"g-cols vc_row via_flex valign_top type_default stacking_default\"><div class=\"vc_col-sm-4 wpb_column vc_column_container\"><div class=\"vc_column-inner\"><div class=\"wpb_wrapper\"><div class=\"wpb_text_column\"><div class=\"wpb_wrapper\"><p><strong>Fl\u00fcckiger Zeichnungsverlag AG<\/strong><br \/>\nErlenmoos 73<br \/>\n4922 Thunstetten<\/p>\n<\/div><\/div><\/div><\/div><\/div><div class=\"vc_col-sm-4 wpb_column vc_column_container\"><div class=\"vc_column-inner\"><div class=\"wpb_wrapper\"><div class=\"wpb_text_column\"><div class=\"wpb_wrapper\"><p>T\u00e9l\u00e9phone: +41 (0)62 963 25 08<br \/>\nFax: +41 (0)62 963 25 11<br \/>\nCourriel: <a href=\"mailto:info@zeichnungsverlag.ch\">info@zeichnungsverlag.ch<\/a><\/p>\n<\/div><\/div><\/div><\/div><\/div><div class=\"vc_col-sm-4 wpb_column vc_column_container\"><div class=\"vc_column-inner\"><div class=\"wpb_wrapper\"><div class=\"wpb_text_column\"><div class=\"wpb_wrapper\"><p>Nous sommes disponibles du lundi au vendredi pendant les heures de bureau:<br \/>\n8:00-12:00 \/\u00a013:30-17:00<\/p>\n<\/div><\/div><\/div><\/div><\/div><\/div><\/div><\/section><section class=\"l-section wpb_row height_medium\"><div class=\"l-section-h i-cf\"><div class=\"g-cols vc_row via_flex valign_top type_default stacking_default\"><div class=\"vc_col-sm-12 wpb_column vc_column_container\"><div class=\"vc_column-inner\"><div class=\"wpb_wrapper\"><div class=\"w-map provider_osm\" id=\"us_map_1\"><div class=\"w-map-inner\"><div class=\"w-map-json\" onclick='return {&quot;address&quot;:&quot;Erlenmoos 73, 4922 Thunstetten&quot;,&quot;disableDragging&quot;:0,&quot;disableZoom&quot;:0,&quot;hideControls&quot;:0,&quot;zoom&quot;:13,&quot;markers&quot;:[{&quot;address&quot;:&quot;Erlenmoos 73, 4922 Thunstetten&quot;,&quot;html&quot;:&quot;&lt;h6&gt;Zeichnungsverlag&lt;\\\/h6&gt;&quot;,&quot;infowindow&quot;:0}],&quot;icon&quot;:{&quot;url&quot;:&quot;https:\\\/\\\/www.zeichnungsverlag.ch\\\/wp-content\\\/uploads\\\/2019\\\/04\\\/Marker.png&quot;,&quot;size&quot;:[50,50]},&quot;style&quot;:&quot;https:\\\/\\\/{s}.basemaps.cartocdn.com\\\/light_all\\\/{z}\\\/{x}\\\/{y}{r}.png&quot;}'><\/div><\/div><\/div><\/div><\/div><\/div><\/div><\/div><\/section>\n","protected":false},"excerpt":{"rendered":"Fl\u00fcckiger Zeichnungsverlag AG Erlenmoos 73 4922 Thunstetten T\u00e9l\u00e9phone: +41 (0)62 963 25 08 Fax: +41 (0)62 963 25 11 Courriel: info@zeichnungsverlag.ch Nous sommes disponibles du lundi au vendredi pendant les heures de bureau: 8:00-12:00 \/\u00a013:30-17:00","protected":false},"author":1,"featured_media":0,"parent":0,"menu_order":1000,"comment_status":"closed","ping_status":"closed","template":"","meta":{"footnotes":""},"class_list":["post-4206","page","type-page","status-publish","hentry"],"_links":{"self":[{"href":"https:\/\/www.zeichnungsverlag.ch\/fr\/wp-json\/wp\/v2\/pages\/4206","targetHints":{"allow":["GET"]}}],"collection":[{"href":"https:\/\/www.zeichnungsverlag.ch\/fr\/wp-json\/wp\/v2\/pages"}],"about":[{"href":"https:\/\/www.zeichnungsverlag.ch\/fr\/wp-json\/wp\/v2\/types\/page"}],"author":[{"embeddable":true,"href":"https:\/\/www.zeichnungsverlag.ch\/fr\/wp-json\/wp\/v2\/users\/1"}],"replies":[{"embeddable":true,"href":"https:\/\/www.zeichnungsverlag.ch\/fr\/wp-json\/wp\/v2\/comments?post=4206"}],"version-history":[{"count":1,"href":"https:\/\/www.zeichnungsverlag.ch\/fr\/wp-json\/wp\/v2\/pages\/4206\/revisions"}],"predecessor-version":[{"id":4207,"href":"https:\/\/www.zeichnungsverlag.ch\/fr\/wp-json\/wp\/v2\/pages\/4206\/revisions\/4207"}],"wp:attachment":[{"href":"https:\/\/www.zeichnungsverlag.ch\/fr\/wp-json\/wp\/v2\/media?parent=4206"}],"curies":[{"name":"wp","href":"https:\/\/api.w.org\/{rel}","templated":true}]}}

<section class="l-section wpb_row height_medium"><div class="l-section-h i-cf"><div class="g-cols vc_row via_flex valign_top type_default stacking_default"><div class="vc_col-sm-4 wpb_column vc_column_container"><div class="vc_column-inner"><div class="wpb_wrapper"><div class="wpb_text_column"><div class="wpb_wrapper"><p><strong>Flückiger Zeichnungsverlag AG</strong><br />
Erlenmoos 73<br />
4922 Thunstetten</p>
</div></div></div></div></div><div class="vc_col-sm-4 wpb_column vc_column_container"><div class="vc_column-inner"><div class="wpb_wrapper"><div class="wpb_text_column"><div class="wpb_wrapper"><p>Téléphone: +41 (0)62 963 25 08<br />
Fax: +41 (0)62 963 25 11<br />
Courriel: <a href="mailto:info@zeichnungsverlag.ch">info@zeichnungsverlag.ch</a></p>
</div></div></div></div></div><div class="vc_col-sm-4 wpb_column vc_column_container"><div class="vc_column-inner"><div class="wpb_wrapper"><div class="wpb_text_column"><div class="wpb_wrapper"><p>Nous sommes disponibles du lundi au vendredi pendant les heures de bureau:<br />
8:00-12:00 / 13:30-17:00</p>
</div></div></div></div></div></div></div></section><section class="l-section wpb_row height_medium"><div class="l-section-h i-cf"><div class="g-cols vc_row via_flex valign_top type_default stacking_default"><div class="vc_col-sm-12 wpb_column vc_column_container"><div class="vc_column-inner"><div class="wpb_wrapper"><div class="w-map provider_osm" id="us_map_1"><div class="w-map-inner"><div class="w-map-json" onclick='return {&quot;address&quot;:&quot;Erlenmoos 73, 4922 Thunstetten&quot;,&quot;disableDragging&quot;:0,&quot;disableZoom&quot;:0,&quot;hideControls&quot;:0,&quot;zoom&quot;:13,&quot;markers&quot;:[{&quot;address&quot;:&quot;Erlenmoos 73, 4922 Thunstetten&quot;,&quot;html&quot;:&quot;&lt;h6&gt;Zeichnungsverlag&lt;\/h6&gt;&quot;,&quot;infowindow&quot;:0}],&quot;icon&quot;:{&quot;url&quot;:&quot;https:\/\/www.zeichnungsverlag.ch\/wp-content\/uploads\/2019\/04\/Marker.png&quot;,&quot;size&quot;:[50,50]},&quot;style&quot;:&quot;https:\/\/{s}.basemaps.cartocdn.com\/light_all\/{z}\/{x}\/{y}{r}.png&quot;}'></div></div></div></div></div></div></div></div></section>

Flückiger Zeichnungsverlag AG Erlenmoos 73 4922 Thunstetten Téléphone: +41 (0)62 963 25 08 Fax: +41 (0)62 963 25 11 Courriel: info@zeichnungsverlag.ch Nous sommes disponibles du lundi au vendredi pendant les heures de bureau: 8:00-12:00 / 13:30-17:00
